 Suppose 3*z - 40 = -4*v, -w*v = v - 2*z - 40. List the prime factors of v.
2, 5
Suppose -2*b - 2*b - 4 = 0. List the prime factors of b + 10*2/4.
2
Let k(m) = m**3 + 10*m**2 - 12*m. What are the prime factors of k(-11)?
11
What are the prime factors of (15/(-9))/((-1)/21)?
5, 7
Let h(p) = -3*p + 2. What are the prime factors of h(-18)?
2, 7
Let c = -71 - -100. Let a = c - 20. What are the prime factors of a?
3
Let s = -16 + 19. Suppose s*t + 94 = 5*t. List the prime factors of t.
47
Let b(v) = 13*v**3 + v**2 + v - 1. Suppose 3*g - 2 = g. What are the prime factors of b(g)?
2, 7
Let q(n) = -2 - n**3 - n + 8*n**2 - 1 + 4. What are the prime factors of q(7)?
43
Suppose 2*m + 66 = 4*h, 0 = -3*m - 2*m - 2*h - 213. Let w = -2 - m. What are the prime factors of w?
3, 13
Suppose -10 = -j + 29. Let b = j - 3. What are the prime factors of b?
2, 3
Suppose 4*x - 3*o - 688 = 0, 0 = 3*x - 3*o - 371 - 142. What are the prime factors of x?
5, 7
Let v = 79 - 46. List the prime factors of v.
3, 11
Let k = -8 + 16. Suppose -25 = -3*l + k. List the prime factors of l.
11
Let m(v) = -v**2 - 6*v + 4. Let q be m(-6). Let p be q/6 + (-224)/21. Let y = 16 + p. What are the prime factors of y?
2, 3
What are the prime factors of (7075/(-100))/((-9)/4 - -2)?
283
Suppose -2*a + 3*a - 2 = 0. Suppose -3*t - i = a*t - 8, -4*t = 2*i - 4. List the prime factors of t/4 + (-76)/(-8).
2, 5
Let l(c) = -1 - 3*c**2 - 5*c - c + c**2. Let b be l(-5). Let r = b + 30. List the prime factors of r.
3
Let l = -8 - -14. List the prime factors of 2*1*33/l.
11
Let g = -15 + 26. Suppose -g = 6*p - 71. List the prime factors of p.
2, 5
Let d(a) = -4*a - 17. What are the prime factors of d(-12)?
31
Suppose 8*l = 13*l - 25. Suppose -2*y - 126 = -l*i, -3*i = 4*y - 85 - 1. List the prime factors of i.
2, 13
Let x(n) = 10*n + 13. List the prime factors of x(7).
83
Let a be 1 - (2 - 4)/1. Suppose w - 5 = 5*x + 9, a*x = w - 10. List the prime factors of w.
2
Let n = 53 + -32. Suppose -z + n = 3*v, 4*v + 10 = -z + 30. What are the prime factors of z?
2, 3
Let b = 4 - 7. Let x(u) be the second derivative of -u**3/6 - u**2/2 - 4*u. What are the prime factors of x(b)?
2
Let s = 40 + -16. Suppose s = 2*r - r. What are the prime factors of r?
2, 3
Suppose -3*d - 6 = -0*d. Let l = -2 - d. Let s(o) = o + 8. What are the prime factors of s(l)?
2
Suppose 0 = -d + q - 12, -2*q = d + 2*q + 32. Let b be (1 - 10/4)*d. Suppose -16 = -5*l + b. What are the prime factors of l?
2
What are the prime factors of 61 - (1 - -3 - 4)?
61
Suppose 3*v - 13 = 5*h + 18, -v + 12 = -2*h. Suppose 0*d + 16 = -v*d. What are the prime factors of 0 - 1 - 1 - d?
2, 3
Suppose 0 = -i, -114 = 5*c - i - 24. List the prime factors of c/15*(-15)/6.
3
Let o be (-2)/1 - 11/(-1). Let s(l) = -l**2 + 12*l - 6. List the prime factors of s(o).
3, 7
Suppose -3*m - 13 = -3*c + 5, -4*m - 9 = -c. Let l be (2 - 1)/(m + 0). What are the prime factors of (-2)/(3 + l) - -15?
2, 7
Suppose -5*y = -2*u + 364, 2*u - y = -2*u + 710. List the prime factors of u.
3, 59
Let t(m) = 106*m**2 - 5*m - 6. What are the prime factors of t(-1)?
3, 5, 7
Let l be (-7)/(0 - -1 - 0). Let v = 14 + l. Let k = v - -5. What are the prime factors of k?
2, 3
Let j = -53 + 113. List the prime factors of j.
2, 3, 5
Suppose 74 = -7*d + 5*d. Let h(w) = -6*w - 4. Let i be h(3). Let l = i - d. What are the prime factors of l?
3, 5
Suppose 0 = 4*f - 20 - 20. Let l(k) = k + 4. What are the prime factors of l(f)?
2, 7
Let s = -302 + 435. List the prime factors of s.
7, 19
Let z = -118 - -199. Suppose -5*a = p - 47, -3*p - 5*a + z = -2*a. What are the prime factors of p?
2, 11
Suppose a + 5*c = -35, 0 = -a - 0*a - c - 15. What are the prime factors of (a/3)/(7/(-21))?
2, 5
Suppose -3*t + 3*i = -234, -4*i + 2 = 10. What are the prime factors of t?
2, 19
Let o(c) = -c**3 - 4*c**2 - 3*c - 4. Let g be o(-4). Let a = -8 + g. Suppose f + 63 = 4*x - a*f, 5*x + 2*f - 82 = 0. List the prime factors of x.
2
Let a = 79 - -264. List the prime factors of a.
7
Let t = 11 + -23. What are the prime factors of (2/(-8))/(1/t)?
3
Suppose -w = 5*h - 321, 2*w = -0*w - 8. List the prime factors of h.
5, 13
Let q(r) = r**2 - 16*r - 2. Let c be q(11). List the prime factors of (c/1)/(9/(-6)).
2, 19
Let m(h) = -5*h + 2. Suppose 0 = -t - 4*v + 6, v - 8 = -3*v. Let c be m(t). Suppose 4*b = -0 + c. List the prime factors of b.
3
Let m = 34 - -99. What are the prime factors of m?
7, 19
Let b = 2 + -4. Let m = b - -14. Let f = m - 0. What are the prime factors of f?
2, 3
Let c = -12 - -23. Let m = 16 - c. List the prime factors of m.
5
Let s(q) = -q**3 - 15*q**2 - 2*q - 13. List the prime factors of s(-15).
17
Suppose 3*a - 4*d + 6*d - 200 = 0, 3*a - 193 = 5*d. What are the prime factors of a?
2, 3, 11
Let d(z) = -z**2 + 5*z + 4. Let y be d(-3). What are the prime factors of (125/y)/((-3)/12)?
5
Let g be 3004/(-24) - (-2)/12. What are the prime factors of g/(-10)*(0 - -2)?
5
Let i(b) = b**3 - b**2 - b + 42. List the prime factors of i(0).
2, 3, 7
Let l(i) = i**3 - i**2 - 3*i + 2. What are the prime factors of l(3)?
11
Let o be -1 - (-2 - (-1 + 1)). Let v = -1 + o. Suppose v = -u + 13 - 3. What are the prime factors of u?
2, 5
Suppose -o - 4*y + 24 = -31, 4*y + 149 = 3*o. What are the prime factors of o?
3, 17
Suppose 9*g = 4*g + 25. Suppose -5*y = g*h - 125, 3*h - 3*y - 22 = 35. Let j = h - 12. List the prime factors of j.
2, 5
Suppose -2 = 4*y - 6*y. Suppose -2*i + y + 15 = 0. List the prime factors of i.
2
Let k = 40 + -29. What are the prime factors of k?
11
What are the prime factors of (2 - (4 - 108)) + -4?
2, 3, 17
What are the prime factors of (-15510)/(-154) + 2/7?
101
Suppose -3*u + 240 = 2*u. What are the prime factors of u?
2, 3
Let b be 3*(-1 + -2)*1. Let j(n) = -2*n - 13. What are the prime factors of j(b)?
5
Suppose -3*p = -4*a + 53, 0 = 4*a - 5*p - 44 - 7. Suppose -q = -2*q + a. What are the prime factors of q?
2, 7
Let q(h) = 3*h - 10. Let y be q(5). What are the prime factors of (-6)/y*480/(-18)?
2
Suppose -23 = -4*l - 7. Suppose b = -2*b - 2*q + 115, 0 = q + l. List the prime factors of b.
41
Let q(h) be the second derivative of 2*h - 1/3*h**3 + 0 - 1/2*h**2 + 1/4*h**4. What are the prime factors of q(-1)?
2
Suppose -5*x + 16 - 1 = 0. Suppose f = -2*t - 4*f + 8, 0 = -3*t + x*f + 12. What are the prime factors of t?
2
Suppose 3*t - 3 = 0, 3*t - 6 = -2*x + 13. Suppose -3*b - 3*r = -6, x*b - 4*r = 3*b - 8. Let v = 10 + b. List the prime factors of v.
2, 5
Let j(f) = f**2 - 5*f - 2. Let i be j(4). Let t = -8 + 22. Let y = t + i. List the prime factors of y.
2
Suppose -4*f = 2*x - 14, f + 26 = 5*x + 2*f. Suppose 4 = t + 2*t - h, -5*t - 3*h = -2. Suppose -t = x*p - 46. What are the prime factors of p?
3
Suppose 0 = x + 3*y - 231 - 59, -x - y + 290 = 0. What are the prime factors of x?
2, 5, 29
Let d = 4 + 0. Suppose f = -f + d. Suppose -f*y + 35 = y + 5*w, 0 = 3*y - w - 29. List the prime factors of y.
2, 5
Let a be (-3)/(2*(-3)/8). Suppose 2*h + 69 = -5*k, a*k + 44 = 3*h + h. Let u = -6 - k. List the prime factors of u.
7
Let o(l) be the second derivative of -1/6*l**3 - 4*l + 0 + 1/12*l**4 - 5/2*l**2. What are the prime factors of o(5)?
3, 5
Let i = 11 - 7. Let q(f) = f + i*f - 4*f. What are the prime factors of q(7)?
7
Let m = -23 - -48. List the prime factors of m.
5
Suppose 5*b - 91 = -31. List the prime factors of b.
2, 3
Let n = 8 + -4. Let f be (n/(-2))/((-1)/4). Let i = 11 - f. What are the prime factors of i?
3
Let l(k) = -k**2 + 12*k + 11. List the prime factors of l(9).
2, 19
Let r(k) = k**3 + 6*k**2 - 12*k - 9. Let x be r(-8). Let y = x + 62. List the prime factors of y.
3, 7
Suppose 0 = -5*c - 0*c + 50. Suppose -5*i = -0*i + c. Let l(q) = -5*q + 2. What are the prime factors of l(i)?
2, 3
Let m = 34 + -56. Let h(f) = -f. Let l be h(14). Let g = l - m. What are the prime factors of g?
2
Let n be 12/8*(2 - 0). Suppose 0 = 5*a - 2*f + 28, -n*a = -0*a - f + 17. What are the prime factors of (-16)/a - (-1)/3?
3
Suppose -5*k = -4*o + 200, -5*o = k - 3*k - 250. List the prime factors of o.
2, 5
Suppose -3*x + 74 = c - 2*c, c - 70 = -3*x. Suppose -x + 96 = 2*v. List the prime factors of v.
2, 3
What are the prime factors of 563/5 - 8/(-20)?
113
Suppose 3*z = 17 + 1. List the prime factors of (57/z)/